) = 2*w**3 + 2*w**2 - w - 1. Let l be (-12)/(-8) + 1/2. Suppose 3*j = 11 - l. Suppose j*v = -7 + 1. What is t(v)?
-7
Let d(l) = l**2 - 6*l + 6. Suppose 2 = o + 2*k, 4*k - 2*k = 2*o - 16. Suppose -2*u - o = -16. Suppose -u*a + 27 = -3. What is d(a)?
6
Let h(g) = g**2. Let p be h(0). Suppose 5*u + 4*j + p*j - 12 = 0, -3*u + 14 = -j. Suppose 4 = u*n + 16. Let s(z) = z + 2. Give s(n).
-1
Suppose 2*r = 7 + 5. Let g(a) = r*a - a**2 - 4 - a**2 + a**2. Give g(6).
-4
Suppose 7 = -3*k + 5*t - 8, 0 = 5*k - t + 47. Let n = -5 - k. Let r be (n/10)/((-2)/4). Let b(j) = j - 1. What is b(r)?
-2
Let d(v) = -v**2 - 11*v - 6. Suppose -18*t - 100 - 8 = 0. Calculate d(t).
24
Let a(s) = 8*s - 1. Suppose 0 = 12*m - 16*m + 140. Let j = m + -34. Determine a(j).
7
Let b(r) = 4*r + 14. Let u(s) = s + 3. Let h(c) = -10*c**3 - c**2 + 3*c - 2. Let v be h(1). Let y = -16 - v. Let m(k) = y*b(k) + 28*u(k). Give m(2).
8
Suppose l + 15 = 4*k, -2*l - 15 = -k + 2*l. Let m(x) be the first derivative of -3*x**2/2 + x + 7. Determine m(k).
-8
Let x(b) = b**3 + 0*b**2 - 17 - 11*b**2 + 0*b**2 + b**2 - 9*b. Give x(11).
5
Let o be (-15)/90 - 38/(-12). Let g(i) = i**o - 9*i**3 - i**3 - 1 - 3*i**3 - i + i**2. Give g(-1).
13
Let w(y) be the second derivative of -y**5/120 + 5*y**4/24 - y**3 + 11*y. Let t(q) be the second derivative of w(q). Calculate t(6).
-1
Let b = -103 - -151. Suppose -3*n + b = 9. Let v(l) = -175 + 174 - 11*l + n*l + 12*l. What is v(-1)?
-15
Let h(r) = -r + 35. Let j be h(33). Suppose 0*f - 40 = 3*f + 5*u, 0 = 2*f + j*u + 20. Let k(b) = -2*b - 4. Determine k(f).
6
Let u(d) = 18 - 27 + 10 + d. Let g be 2/11 + (-150)/(-22). Suppose 0 = -4*x - g + 31. What is u(x)?
7
Let z be -2 - 2 - (16 - 13). Let s(c) be the third derivative of c**6/120 + c**5/10 - 5*c**4/24 + 3*c**3/2 - c**2. Determine s(z).
-5
Let u(i) be the first derivative of -i**3/3 - 11*i**2/2 + 4*i - 658. Give u(-12).
-8
Let m = 42 - 40. Let g(f) = -f + 4*f - m - f. What is g(7)?
12
Let b(i) = i**3 - 7*i**2 - 6. Let c(v) = v**2 + 6*v + 1. Let l be c(-3). Let y be 2/6 - (-276)/(-18). Let x = l - y. Determine b(x).
-6
Let y(s) = -s**2 + 9 - 4 - s + 5*s - s. Let x be y(5). Let n(w) be the third derivative of w**4/24 + 4*w**3/3 - 4*w**2. Determine n(x).
3
Let p(o) = -o**3 - 6*o**2 - o - 6. Let n = 18 + -13. Suppose 3*f + k - 4 = n, f + 2*k = 3. Suppose -1 = f*r + 17. What is p(r)?
0
Let l(b) = 4*b - 9. Let p(a) = a**2 + 59*a + 4. Let z be p(0). What is l(z)?
7
Let o = -1921 + 1916. Let i(y) = -4*y - 13. Give i(o).
7
Suppose 29*d + 2*r - 2 = 31*d, -r + 4 = 0. Let n(j) = -j**2 + 5*j - 1. Determine n(d).
5
Let p(t) = -5*t**3 - 2*t + 1. Let k be p(1). Let l(r) be the first derivative of r**4/4 + 7*r**3/3 + r**2 - 6*r + 187. Give l(k).
18
Let q(w) = -3*w**3 - 2*w**2 - 3*w - 2. Let s(v) = -4*v**3 - 3*v**2 - 4*v - 3. Let l(j) = 5*q(j) - 4*s(j). Let o be l(0). Let x(m) = -4*m - 1. Calculate x(o).
-9
Let n(l) be the second derivative of -4*l**3/3 + 3*l - 11. What is n(-2)?
16
Let p(n) = -n + 3. Let q be p(0). Let u(g) = -14*g**3 + 6 - 18*g**3 - 5*g**2 + g + 31*g**q. Determine u(-5).
1
Let n(u) = 3*u + 1094 + u**3 - 1096 + 4*u**2 - 9*u. Determine n(-4).
22
Let x(k) be the first derivative of -3*k**2/2 - 2*k + 1. Let c = -62 + 67. Let b(y) = -7*y - 5. Let z(w) = c*x(w) - 2*b(w). Calculate z(0).
0
Let f(h) = -h + 13. Let q be f(7). Suppose -q = 5*s + 4. Let z(m) = -4*m**2 - m. What is z(s)?
-14
Let q(u) = -10*u**3 - 1. Let d be q(-1). Let s(b) = 5 + 2 + 3 - 15 + 5*b + 5*b - b**2. Calculate s(d).
4
Let n be (4 - 0)/(-3*4/6). Suppose 7*t = 3*t. Let o be t - (n + 4 - 3). Let s(a) = 4*a**2 - a. Calculate s(o).
3
Let h(o) = -23*o**3 + 7*o**2 - 5*o - 3. Let t(a) = 37*a**3 - 11*a**2 + 8*a + 4. Let w(i) = 8*h(i) + 5*t(i). Give w(2).
8
Let d(o) be the third derivative of o**5/60 + o**4/2 + 3*o**3/2 - 131*o**2 + 2. What is d(-8)?
-23
Let l(r) = r**2 - 11*r - 8. Let p be l(12). Let b be -6*(6/p - 3). Let c be 4 - (-3)/b*-3. Let x(y) = y**2 - 5*y + 3. Determine x(c).
-3
Let m be 4/(((-32)/12)/(-4)). Let i(x) = m - 11*x + 13*x - 2 - x**2. Suppose k - 6*n = -2*n + 15, 5*k - 21 = 2*n. Calculate i(k).
1
Let m(h) = h + 3 + 0*h + 7. Let c be 0/(-1)*(-1)/2*2. Determine m(c).
10
Let k(c) = 4*c**3 - 2*c**2 - 2*c - 1. Let v = 77 - 62. Let t(l) = -l**2 + 15*l - 1. Let q be t(v). Give k(q).
-5
Let n(l) = -4*l**3 - 3*l**2 - 3*l + 6. Let m(x) = -7*x**3 - 7*x**2 - 7*x + 12. Let w(b) = -3*m(b) + 5*n(b). Let h = -74 - -69. What is w(h)?
-11
Let z(r) = -3 - 1 + 3 + 3*r - 15*r. Let i(n) = n - 13. Let u be i(15). Suppose 2*f - 3 = -p + 6*p, -u*p = 5*f + 7. Give z(p).
11
Let h(k) = k - 14 + 3*k**2 - 7*k**2 + 3*k**2 + 7*k. What is h(5)?
1
Let j = -23 - -27. Let f be j*-1*(-4)/(-4). Let s(u) = u - 20. Let b(l) = 5. Let h(y) = 9*b(y) + 2*s(y). Give h(f).
-3
Let t(c) be the first derivative of -c**4/4 + 4*c**3 - 11*c**2 - 12*c + 623. What is t(10)?
-32
Suppose -1 = -3*i - 4*w - 20, -2*i - 10 = 2*w. Let b(r) = 18*r**3 + r**2. Calculate b(i).
-17
Suppose -3*n = 4*t - 9, 0 = t - 4 + 1. Let m(r) be the second derivative of r**4/6 + r**3/6 - 2*r. What is m(n)?
1
Let l(u) = u + 6. Let j be (18/(-15))/(152/50 + -3). Let b be ((-18)/30 + (-68)/j)*-3. Give l(b).
1
Let r(n) be the first derivative of -3*n**2 + 7/3*n**3 + n - 6 - 1/4*n**4. Determine r(6).
1
Let a(i) = i + 1. Suppose -43*p + 41*p = 14. Let o be (6 + p - 9) + 5 + -1. Give a(o).
-5
Let b(x) be the first derivative of -x**2/2 - x + 237. Let i = -10 + 7. Let k be -1 + i/(3/5). Give b(k).
5
Let l be ((-6)/(-4) + -1)*24. Suppose -p - p + l = 0. Let r(n) = 1340*n - 2717*n + 1378*n + 2. Determine r(p).
8
Let g(k) = k**3 - 2*k**2 - k + 2. Let j(t) = t**3 + 18*t**2 + 2*t + 38. Let i be j(-18). Suppose -2*a - 2*r = -4*r + 2, i*a - 5*r - 1 = 0. Calculate g(a).
-12
Let l(c) = -c**3 - 11*c**2 - 10*c + 4. Let g(n) = -2*n**2 - 44*n - 10. Let m be g(-22). What is l(m)?
4
Let w(k) be the third derivative of 10*k**2 + 0*k**5 + 11/6*k**3 + 0 + 0*k**4 + 1/120*k**6 + 0*k. Determine w(0).
11
Let o(i) be the third derivative of i**7/2520 - i**6/360 + i**5/120 - 13*i**4/24 - 5*i**2. Let f(p) be the second derivative of o(p). Calculate f(3).
4
Let v(n) = 2*n + 11. Let w be (-6)/(-99) + (-606)/198. Calculate v(w).
5
Let l(c) be the third derivative of -c**5/60 + c**4/6 + 2*c**3/3 + c**2. Suppose 3*m - 8*m + 221 = s, -4*m + 2*s + 188 = 0. Suppose 18 - m = -9*f. Give l(f).
7
Let y(i) = -13*i**2 - 27*i - 14. Let g(v) = -3*v**2 - 7*v - 3. Let x(o) = -9*g(o) + 2*y(o). Give x(-8).
-9
Let a(m) = -223 + m**2 + 115 + 106. Let r = 4 - 2. What is a(r)?
2
Let m(f) = f + 28. Suppose -18*o = -16*o. Determine m(o).
28
Let t(c) = 11*c**3 + 9*c**2 - 26*c + 14. Let q(l) = -5*l**3 - 5*l**2 + 13*l - 7. Let j(o) = -13*q(o) - 6*t(o). What is j(10)?
-23
Let k(j) = -j**2 - 4*j - 6. Let w(q) = 8*q + 19. Let y be w(-3). Calculate k(y).
-11
Let q(r) be the third derivative of -r**4/24 + 5*r**3/3 + 100*r**2. What is q(5)?
5
Let q = -15 - -11. Suppose -p + 3*r - 6 + 0 = 0, -5*p + 18 = r. Let k(x) = 15 - p + x - 9. Give k(q).
-1
Suppose f - p - 2 = -4*p, 0 = 3*f - p - 16. Let a(d) be the third derivative of 0 + 5/24*d**4 + 1/12*d**f - 1/120*d**6 + 4/3*d**3 + 0*d + 5*d**2. What is a(6)?
2
Let b(d) = -d**3 + 6*d**2 + d + 1. Let s = -27 + -32. Let j = s - -30. Let p = -23 - j. What is b(p)?
7
Let r(d) = -10*d - 9. Let i(u) = 9*u + 8. Let l(o) = -5*i(o) - 4*r(o). What is l(-3)?
11
Let c(u) = -u - 6 + 0*u + 4. Suppose 3*m = 3*z - 21, -5*m + 70 = -z + 85. Calculate c(m).
0
Suppose 3*a = -a. Let t = -129 - -124. Let f = a - t. Let w(n) = -n + 2. Calculate w(f).
-3
Let l(d) be the third derivative of -1/60*d**5 + d**2 + 0*d**4 + 13/6*d**3 + 0*d - 20 + 1/120*d**6. Give l(0).
13
Let j(p) = p**3 - 4*p**2 + 3*p - 2. Let w = 131 + -128. Give j(w).
-2
Suppose 63 = 11*g - 14. Let c(n) = -4*n + 14. Give c(g).
-14
Let p(n) = -7*n + 37. Let q be 9/2 - (289/(-34) - -6). Calculate p(q).
-12
Let d(c) = -7*c**3 - c**2 + c. Let x(l) = -15*l**3 - l**2 + 3*l + 1. Let z(y) = -13*d(y) + 6*x(y). What is z(-4)?
34
Let j = 739 - 747. Let v(o) = -o**3 - 7*o**2 + 2*o - 4. Calculate v(j).
44
Let i(a) = -a**3 + 7*a**2 - 5*a. Suppose -4*v - 5*d + 503 = 0, -3*v + 263 = -4*d - 153. Let o be 24/v + (-106)/(-22). What is i(o)?
25
Let b(h) = -7*h**3 - 1. Let a be -6 + 9 + -18 + 2. Let u = a + 15. Sup